 greatest common divisor of c and 9?
9
Let j = 8 + -3. What is the highest common divisor of 10 and j?
5
Let l = -7 - -5. Let d be (-15)/l*6/9. Suppose -d*a + 72 + 13 = 0. Calculate the highest common divisor of 17 and a.
17
Let s = 206 + -128. What is the greatest common factor of s and 195?
39
Let f be 9/(-6)*(-3 + -1). Suppose f*t - 2*t - 280 = 0. Suppose -m = 2*h - 32, 4*m - h = m + 82. What is the highest common factor of m and t?
14
Suppose -9*y + 10*y = 12. Calculate the greatest common factor of y and 36.
12
Suppose 2*a + 8 = 6*a, -22 = -4*h + a. Let j = -2 + h. Calculate the highest common factor of j and 44.
4
Suppose -36 = -t + 3*v - 7, 0 = 3*t + 2*v - 76. What is the greatest common divisor of t and 130?
26
Suppose 5*k + 2*f = 362, -3*k - 3*f + 59 = -160. Suppose -3*x = -3*p + 12, p - 3*x = -0 - 6. Calculate the greatest common divisor of k and p.
9
Let o be (-2)/4 - 3/6. Let g be ((-5)/(-4))/(o/(-12)). What is the highest common divisor of g and 5?
5
Let m(q) = 2*q - 6. Let f be m(-4). Let t = 23 + f. Calculate the highest common factor of t and 9.
9
Suppose -r - 1 = k, 3*r + 2*k = -0*k. Let c be 5 - r/6*3. Suppose -d = 4*z + 4, 3*d - 49 - 3 = c*z. Calculate the highest common factor of 8 and d.
4
Let x be (-1716)/(-60) + (-3)/5. Let k = 64 + -22. What is the highest common divisor of k and x?
14
Suppose 4*y - 26 = 6. What is the highest common factor of 2 and y?
2
Let r be (-121)/(-5) - (18/(-10) - -2). Calculate the highest common factor of r and 6.
6
Let s(a) = 3*a**2 - 7*a + 8. Let g be s(4). Calculate the greatest common divisor of g and 28.
28
Let f(s) = s**2 + 3*s + 3. Let o be f(-2). Let w = -6 - -9. What is the greatest common divisor of w and o?
1
Let y be 9/18*(3 - 1). Suppose -53 = -q + y. What is the greatest common factor of 6 and q?
6
Let l(t) = -4*t**3 + 1 + 2*t - 3*t**2 - 2*t**3 + 3*t**3 - 3*t. Let x be l(-2). Calculate the greatest common divisor of x and 165.
15
Let i be 0*2/(-4)*1. Suppose -2*c = -x - i*x + 16, 0 = 5*c + 15. Calculate the greatest common divisor of x and 15.
5
Suppose -11*g + 13*g = 160. What is the highest common divisor of g and 10?
10
Let b(x) be the third derivative of -x**5/60 - x**4/3 - 5*x**3/6 + 3*x**2. Let a be b(-7). Suppose 5*j + a = 82. What is the highest common divisor of 4 and j?
4
Let x(g) = g. Let q(a) = 2*a**2 + 3. Let u(n) = q(n) + 3*x(n). Let m be u(-2). What is the greatest common factor of m and 2?
1
Suppose -3*c - 99 = -3*s, 2*c - 18 = -2*s + s. Suppose 0*y - 2*y = -s. What is the highest common divisor of y and 2?
2
Suppose -3*v - 2*v = 0. Suppose 5*t + 4 - 14 = v. Suppose -3*j - u = -167 - 40, 5*j + t*u - 344 = 0. Calculate the highest common factor of j and 10.
10
Suppose -2*o - 2 = 0, 5*c = -2*o - 0*o + 68. What is the highest common factor of 7 and c?
7
Let u = -2 + 2. Suppose u = 7*i - 4*i - 9, 2*i = -5*c + 126. Let z(y) = y**2 - 1. Let o be z(-2). What is the greatest common divisor of c and o?
3
Let u(s) = -s - 8. Let n be u(-6). Let h = n + 4. Calculate the greatest common factor of h and 6.
2
Let b = 2 - -19. Suppose 7*w + 1144 = 9*w. Suppose -2*m - i - 3*i = -374, 0 = -3*m + 5*i + w. Calculate the highest common divisor of m and b.
21
Let v = 218 - 108. Calculate the greatest common factor of 10 and v.
10
Let u(k) = 2*k**2 - 9*k - 1. Let z(s) = -s**2 - 9*s - 10. Let v be z(-6). Let g be u(v). What is the greatest common factor of g and 11?
11
Let t(n) = n**2 - 2*n - 1. Let u be t(-1). Let q be 1/2 - 19/(-2). Let s = q + -6. Calculate the greatest common factor of s and u.
2
Let g be 8/10 - 6/(-30). Let i(t) = g - 2*t + 4*t + 0*t**2 + 6*t**2 - t**3. Let m be i(5). Calculate the highest common divisor of 9 and m.
9
Let m be 0 - (-24 + (-3)/(-1)). Let h = -5 - -17. Let y = -9 + h. What is the highest common divisor of m and y?
3
Suppose 2*f - 60 - 42 = 0. Suppose 2*d = 3*d - f. Let q = d + 24. Calculate the greatest common divisor of q and 15.
15
Let t(p) = 55*p**2 + 2*p. Suppose 0*m - 5*m = 10. Let q be t(m). What is the greatest common factor of q and 24?
24
Suppose -5*r + 213 = -2*r. Let v = r + -47. What is the highest common factor of 36 and v?
12
Let d = 5 + -4. Let p be (40 - -2)*3/d. Calculate the highest common divisor of 14 and p.
14
Let m be 3 - (-1 + -10*1). Let g = 4 - 2. What is the greatest common divisor of g and m?
2
Suppose 3*n - 1269 = -0*u - 5*u, 3*n = -3*u + 1263. What is the greatest common divisor of 38 and n?
38
Let x be ((-15)/(-2) + -4)*2. Suppose -x*s + 2*s + 90 = 0. What is the greatest common divisor of 162 and s?
18
Suppose 5*q = -3*o + 2*q + 15, -q + 7 = 2*o. Let w = 8 - 3. Suppose -3*c = -5*c + 4*h + 44, 66 = 3*c - w*h. What is the highest common divisor of c and o?
2
Suppose 0 = 4*c, -3*c = 2*a - 0*a - 16. Calculate the greatest common divisor of 4 and a.
4
Let q(c) = c**3 - 22*c**2 + 23*c - 32. Let j be q(21). What is the highest common factor of 40 and j?
10
Suppose 0 = -4*c + 1 - 5. Let q = 22 + c. What is the highest common divisor of q and 21?
21
Suppose -4*s + 67 = -2*m - 11, 102 = 5*s - m. Let k(t) = 13*t + 6. Let q be k(6). What is the highest common divisor of s and q?
21
Let n = -12 + 32. Suppose 2*o = -5*i - 5, 2*o = 3*i + n - 1. Calculate the highest common factor of 5 and o.
5
Let d = 0 + 0. Let o(h) = -h**2 + h + 104. Let g be o(d). Let c = 44 + -31. What is the greatest common factor of g and c?
13
Suppose 5*j + 5 = 5*d, d - 4*d + j = -3. Let v = -9 - -20. What is the highest common factor of v and d?
1
Let n = 46 - 13. Suppose 0*a = -2*a - 48. Let l = a - -46. What is the highest common divisor of n and l?
11
Suppose -j = -2*g - 80, 60 = j + 5*g - 2*g. Suppose -2*a - 2*a = -j. What is the highest common factor of a and 12?
6
Let u = -10 - -13. Suppose -z + 28 = 4*d + u*z, 2*d - z - 20 = 0. Calculate the highest common factor of d and 27.
9
Let z(t) = -21*t - 13. Let c be z(-3). What is the greatest common factor of 10 and c?
10
Let d(i) = -5*i**3 - 2*i + 1. Let c be d(-2). Calculate the greatest common divisor of 5 and c.
5
Suppose 4*u = 2*u. Suppose 4*d = 4*x + 308, 0*x + 2*x + 2 = 0. Suppose u*y - 2*y = -d. What is the highest common factor of 95 and y?
19
Let o be (-3)/27 + (-7728)/(-54). Calculate the highest common divisor of 13 and o.
13
Let r be (2/(-5))/(4/(-20)). Suppose -3*v = r*v - 30. Calculate the greatest common divisor of v and 42.
6
Let w(v) = 2*v**2 - 4*v - 9. Let p be w(-6). Suppose -4*c = -4*g + 96, -4*g + 31 = -5*c - p. Let z = 35 + c. What is the greatest common divisor of 65 and z?
13
Suppose 0*j + 29 = j. Let w = -15 + j. Let c(i) = 7*i**2 - 4*i + 2. Let d be c(4). Calculate the greatest common factor of w and d.
14
Suppose -2*h + g + 15 = 0, -h - 5*g - 45 = -5*h. Suppose -4*b = 3 + 13, -b = 3*o - 131. What is the highest common factor of o and h?
5
Suppose -f - 10 = 8. Let m be (1/3)/((-3)/f). What is the greatest common divisor of 3 and m?
1
Let s(g) = -g + 2. Let c be s(-10). Calculate the highest common divisor of 18 and c.
6
Suppose -34 = -l - 3*o, -4*l + 4*o - 2*o + 80 = 0. Calculate the highest common divisor of 33 and l.
11
Let b = 13 + -9. Suppose 0 = -0*h - h + b. What is the highest common divisor of 10 and h?
2
Let p(j) be the first derivative of -4*j**2 - 3*j + 3. Let x be p(-3). Suppose -65 + x = -2*g. What is the highest common factor of 198 and g?
22
Let o(u) = 13*u + 17. Let b be o(-8). Let w = 24 - b. Calculate the highest common divisor of 37 and w.
37
Suppose 0 = 2*b - 2 - 2. Suppose 2*s + 2*z = 4*s - 20, s + z = b. Calculate the highest common factor of 66 and s.
6
Let r(d) = -d**2 + 4*d - 2. Let g be r(3). Calculate the highest common factor of 4 and g.
1
Let o(m) = m**3 + 8*m**2 + 5*m + 3. Let c(s) = s**2 + 4*s. Let f be c(-4). Suppose h = -f*h - 6. Let y be o(h). Calculate the highest common factor of 5 and y.
5
Suppose -5*y + 10*y - 45 = 0. What is the greatest common factor of 3 and y?
3
Let q(o) = -o**3 - 20*o**2 + 20*o + 9. Let r be q(-21). What is the highest common factor of 45 and r?
15
Suppose -3*m = 5*o - 59, 0*m + o - 21 = -m. What is the highest common divisor of m and 207?
23
Let n be (3/2)/(1/(-4)). Let a be (n - -1)*(2 + -3). Suppose 0 = 6*d - a*d - 8. Calculate the highest common divisor of d and 56.
8
Let c be 225/4 - (-6)/(-24). Suppose 34 = 4*i + 